7. Suppose -5*b = -g - 38 + 21, 0 = -2*g - 5*b - 19. Let z be g*((-3)/3)/2. What is u(z)?
-5
Let v = -248 + 262. Let a(g) = g - 14 - v + 46 - 18. Determine a(-4).
-4
Suppose 0 = -4*w + 4*r + 928, 0 = 4*w + r - 797 - 141. Let c(l) = 468 + l - w - 229. Suppose a - 30 = 5*k, 2*a = -k + 7 - 2. Give c(a).
10
Let z(h) = -h**2 + 5*h + 3. Let y = -21 + 21. Let r(i) = 2*i + 8. Let l be r(y). Suppose -l*g = -12*g + 20. What is z(g)?
3
Suppose -11 = -q - 3*s, -108 - 3 = -5*q - s. Let y(d) = 4*d**2 - 8*d + 13 - q + 16 - 6*d**2. Determine y(-5).
-4
Suppose 6*n - 216 = 33*n. Let x(v) be the third derivative of -v**6/120 - 2*v**5/15 - v**4/12 + v**3/6 - 154*v**2. Give x(n).
17
Let i(w) = -17*w + 1. Let y(r) = 7*r - 10. Let p be y(3). Let h be (p/(-22))/((-1)/2). What is i(h)?
-16
Let i be (-36)/(-270) - (1856/60)/(-8). Let z(w) = 10*w - 1. Give z(i).
39
Let h = -920 - -1301. Let n = 376 - h. Let l(k) = k**3 + 4*k**2 - 5*k + 4. What is l(n)?
4
Let i(w) be the first derivative of 2*w**3/3 - w**2 - 3*w - 3. Let o(a) be the first derivative of i(a). Let d be -1 + -12 - (-10)/1. Give o(d).
-14
Let w = -13 - -17. Let s(n) be the first derivative of n**4/2 - 7*n**3/3 - 2*n**2 - 2*n - 6489. Determine s(w).
-2
Let m(k) = k**3 - 91*k**2 + 735*k + 242. Let x be m(82). Let j(i) = 2*i**2 + 3*i - 8. Calculate j(x).
12
Let g(n) = 0*n - 7*n - 2*n + 24*n - 6 - 42. What is g(4)?
12
Suppose -a = -2*a. Let v(j) be the third derivative of j**4/24 - 19*j**3/6 + 12132*j**2. Determine v(a).
-19
Let t(y) = -7*y. Suppose 322 = 2*k - 4*p, -2*k = 2*p - 51 - 253. Let z = -153 + k. Give t(z).
-14
Let z(i) = -388*i - 29 + 777*i - 390*i. Determine z(-4).
-25
Let p(j) = -14*j + 5*j**2 + 37*j - 9*j - 1 - 18*j. Suppose -15 = 806*f - 801*f. Determine p(f).
56
Let a(q) = -8*q. Suppose 5*s = 4*b + 10, 1 = 4*b + s - 1. Suppose b = 6*v - 2*v + 4*h + 16, 0 = -v - 2*h - 9. Determine a(v).
-8
Let u(h) be the first derivative of 1/3*h**3 + 47 + 13*h - 11/2*h**2. Determine u(10).
3
Let w(k) be the third derivative of k**5/60 - k**4/6 - 20*k**3/3 - 2*k**2 + 626. Calculate w(-5).
5
Let q(k) = -3*k + 3. Let i(r) = r. Let c(v) = 2*i(v) - 2*q(v). Let m be c(1). Let p(l) be the second derivative of l**4/6 - l**3/6 - l**2/2 - 12*l. Give p(m).
5
Let j(k) = 30*k**3 + k**2 - 3. Let q(n) = -67*n**3 - 2*n**2 + 7. Let z(i) = 9*j(i) + 4*q(i). Let c(h) = h**3 + 5*h**2 + 4*h - 2. Let d be c(-4). Calculate z(d).
-11
Let n(a) = 4*a - 18. Let x be n(-21). Let p = -66 - x. Let v = p + -34. Let r(t) = 8*t. Determine r(v).
16
Let x(b) be the second derivative of -1/6*b**3 - 17/2*b**2 + 3 - 8*b. Determine x(0).
-17
Let x(t) = -3*t**2 - 16*t - 5. Suppose 46*q = -95*q - 846. Determine x(q).
-17
Let f(t) = 20*t**2 + 17*t - 8. Let z be (-5)/(-2) + 4/8. Let g(a) = -6*a - 5*a**2 + a**2 + 3*a**2 + z - 6*a**2. Let x(d) = 6*f(d) + 17*g(d). What is x(3)?
12
Let i(x) = x + 8. Suppose -13*d + 15 = -8*d. Suppose 2*s + 36 = -3*a + d*s, -3*s - 48 = 4*a. Let t = -18 - a. Give i(t).
2
Let q = -501 - -525. Let w(t) = q + t - 13 - 17. What is w(3)?
-3
Suppose 47*h - 50*h - 3*z = 3, 0 = -4*h - 8*z + 4. Let i(d) = d**2 + 2*d + 1. What is i(h)?
4
Suppose 3*n = 5*n + 29 - 17. Let h(k) = -3*k**2 - 13*k + 19. Determine h(n).
-11
Let u(k) = -2*k + 1. Let j be (2/(-5))/(6/(-30)). Let w(c) = -c**3 - 3*c**2 + 4*c - 2. Let y be w(j). Let f be (-11)/33 + y/(-6). What is u(f)?
-3
Let i be (-182)/26 + 357 + -1. Let z(j) = 9 - 8 - 350*j + i*j. Calculate z(-4).
5
Let z(p) = -2*p - 10. Suppose -b - 2*s + 4 = 0, 12 = -0*b + 3*b + 2*s. Suppose -f + b*f = -2*f. Suppose 2*t + f*t = 4, 4*t + 27 = -5*x. What is z(x)?
4
Let p(y) = -5*y + 28. Suppose 0 = 2*t + 16*w - 13*w - 26, -6*t + 78 = 4*w. What is p(t)?
-37
Let p(t) = -t**3 - 5*t**2 - 8*t - 4. Let l(s) = -s**2. Let f(u) = -u**3 + 3*u**2 - 3. Let k be f(2). Let i(x) = k*p(x) + 3*l(x). Let o = -535 + 528. Give i(o).
3
Let j(y) be the first derivative of -y**3/3 - 49*y**2/2 + 97*y + 3208. Give j(2).
-5
Suppose i + 14 = -a - 2*i, 3*a = -5*i - 46. Let w be 7*1 + a + 12. Let x(t) = -69*t + 70*t - 3*t**2 - 2*t**w. Calculate x(-1).
-6
Let d(p) = -p**2 + 4*p + 11. Let m(h) be the third derivative of -h**6/120 - h**4/12 + h**3 + 32*h**2. Let r be m(0). Determine d(r).
-1
Let p be (-3)/(-5) - (-126)/15. Let v be (13/3 - 1)*165/110. Suppose p = -2*l + v*l. Let b(u) = -u**2 + 2*u - 1. Give b(l).
-4
Let i(l) = 0 + 4*l - 5*l + 2*l + 1. Let z = 14064 + -14060. Determine i(z).
5
Let k(s) = s**2 + 38*s - 3129. Let t be k(40). Let o(x) = -7*x - 85. What is o(t)?
-22
Suppose -2*w + 5*b + 8 = 0, 5*w + 28*b - 20 = 24*b. Let m(j) = -j**3 + 3*j**2 + 11*j - 17. Determine m(w).
11
Let c(i) be the first derivative of -57 + 0*i**2 + 16/3*i**3 + 0*i. What is c(-1)?
16
Let m(o) be the first derivative of o**4/4 - o**3 - 2*o**2 - 7*o + 1545. What is m(4)?
-7
Suppose 5*y + l + 12 = 0, 0 = 2*y + 10*l - 5*l - 9. Let h(u) = -4*u - 9. Let q be h(-4). Let t(b) = -b**2 - 6*b - 3*b + q*b + 4. Determine t(y).
1
Let d(t) be the first derivative of -4*t**3/3 - t**2/2 - 28806. Let g = 1 + -3. Determine d(g).
-14
Suppose 2*s - 16*s - 248 = 17*s. Let r(y) = -y**3 - 3*y**2 + 38*y - 14. Determine r(s).
2
Let m be (-5)/(((-10)/((-6)/3))/(1197/(-133))). Let g(i) = -3*i - 34. Determine g(m).
-61
Let f(v) = -v**2 + 2*v + 2. Let x(i) = -3*i - 7. Let p(o) = -8*o - 14. Let q(t) = -2*p(t) + 5*x(t). Let k = 58 + -55. Let m be q(k). Calculate f(m).
-22
Let d(j) = -95*j - 378. Let f be d(-4). Let y(c) = 3*c**2 - 5*c - 1. Determine y(f).
1
Let q(u) = u**2 - 8*u - 2. Let l(g) = 3*g + 4. Let h(n) = -2*n - 3. Let p(y) = -4*h(y) - 3*l(y). Let s be p(-6). What is q(s)?
-14
Suppose -4 + 3 = -v - 3*l, 0 = 2*l. Let w(f) = -8*f + 20*f - 45*f**2 + 48*f**2 - v - 10*f + f**3. Calculate w(-4).
-25
Let x(r) = -13*r + 62. Let i(o) = -8. Let w(j) = -6*i(j) - x(j). Give w(-6).
-92
Let v(y) = y**2 - y - 3. Suppose -4*q + 11 + 5 = 0. Suppose 25 = 4*l + 3*m, -q*l = -7*l + 3*m + 3. What is v(l)?
9
Let v(k) = -k**3 - 30*k**2 - 212*k + 35. Let w be v(-12). Let q(j) = j**2 + 11*j - 30. What is q(w)?
-4
Let u(w) be the second derivative of -19*w - 11/12*w**4 + 1 - 1/20*w**5 - 11/6*w**3 + 9/2*w**2. Determine u(-10).
19
Suppose -3*x + 2*y = 385, -2*x + 2*y = -0*x + 258. Let f = -111 - x. Let o(i) = i**2 - 15*i - 15. Determine o(f).
1
Suppose -12 = 2*z + 2*z. Let g(v) be the second derivative of v**6/180 - v**3 + 29*v. Let b(c) be the second derivative of g(c). What is b(z)?
18
Let y be 427/305 - (-114)/(-10). Let p(d) = 3*d**3 + 9*d**2 + 16*d + 13. Let t(o) = 7*o**3 + 17*o**2 + 34*o + 25. Let a(h) = 5*p(h) - 2*t(h). Calculate a(y).
-5
Suppose 54 = -143*u + 142*u. Let w = u + 60. Let k(n) = -n**3 + 7*n**2 - 7*n - 2. What is k(w)?
-8
Let g(l) = -11*l**2 - 74*l + 27. Let q(u) = 13*u**2 + 88*u - 26. Let v(a) = 7*g(a) + 6*q(a). Determine v(-4).
9
Let l(p) = -8*p**2 + 11*p. Suppose 30*g - 75*g + 90 = 0. What is l(g)?
-10
Let v(z) = -15*z - 88. Let f be v(-6). Let m(p) = 2*p - 6. Let k be m(9). Suppose 2*n = -2*j, f*n + k = 4*j - 3*j. Let d(l) = -l - 3. What is d(n)?
1
Let q(i) = i**3 - 35*i**2 + 35*i - 37. Let k(y) = 5*y**2 - 2*y - 5. Let f be k(3). Determine q(f).
-3
Let f = 3 + -3. Let l(v) = -691752*v**2 - v**3 + 691752*v**2 - v + 23. Give l(f).
23
Let l(o) be the first derivative of o**3 + 3*o**2/2 + 2*o + 1891. What is l(-1)?
2
Let y(z) = -z**3 - 16*z**2 + 24*z + 135. Suppose 5*x = 4*m - 97, -151*m - 66 = 3*x - 156*m. What is y(x)?
16
Suppose 90*j - 157 = -33 + 146. Let a(i) be the second derivative of -7*i**3/6 - i**2 + 2*i. Determine a(j).
-23
Let v(n) = n**3 + 7*n**2 + 5*n - 13. Let x be v(-6). Let g(z) be the third derivative of -4/3*z**3 + 0*z + 13*z**2 + 0 - 1/12*z**4. What is g(x)?
6
Let y be (-221)/1309*-7 + 8/(-44). Let k(f) = 29*f**2 - f - 1. Give k(y).
27
Let w(m) = m**3 - 18*m**2 + 15*m + 33. Suppose 9*h - 14 - 24 = 115. What is w(h)?
-1
Let p(g) be the second derivative of 1/6*g**3 - 2*g**2 + 0 - 10*g. Let u(j) = -j**2 + 13*j + 96. Let y be u(18). What is p(y)?
2
Suppose -162*i + 158*i + 5*q + 28 = 0, 0 = -2*i - q. Let w(a) be the third derivative of -a**4/2 + a**3/6 - 3*a**2. Calculate w(i).
-23
Let t(u) = u**3 - u - 5. Let h(o) = -5*o - 110. Let v be h(-22). Give t(v).
-5
Let l = 12062 + -12040. Let w(d) = 4*d - 84. What is w(l)?
4
Let z(w) = 122*w - 76 - 470*w + 149*w + 136*w +